{"id":57,"date":"2022-05-09T14:41:50","date_gmt":"2022-05-09T12:41:50","guid":{"rendered":"https:\/\/ubud-vincennes.fr\/?page_id=57"},"modified":"2022-06-02T21:37:15","modified_gmt":"2022-06-02T19:37:15","slug":"photos-2","status":"publish","type":"page","link":"https:\/\/ubud-vincennes.fr\/index.php\/photos-2\/","title":{"rendered":"Photos"},"content":{"rendered":"\t\t<div data-elementor-type=\"wp-post\" data-elementor-id=\"57\" class=\"elementor elementor-57\">\n\t\t\t\t\t\t<section class=\"elementor-section elementor-top-section elementor-element elementor-element-9877d48 elementor-section-boxed elementor-section-height-default elementor-section-height-default\" data-id=\"9877d48\" data-element_type=\"section\" data-e-type=\"section\">\n\t\t\t\t\t\t<div class=\"elementor-container elementor-column-gap-default\">\n\t\t\t\t\t<div class=\"elementor-column elementor-col-100 elementor-top-column elementor-element elementor-element-21f2768\" data-id=\"21f2768\" data-element_type=\"column\" data-e-type=\"column\">\n\t\t\t<div class=\"elementor-widget-wrap elementor-element-populated\">\n\t\t\t\t\t\t<section class=\"elementor-section elementor-inner-section elementor-element elementor-element-f82a602 elementor-section-boxed elementor-section-height-default elementor-section-height-default\" data-id=\"f82a602\" data-element_type=\"section\" data-e-type=\"section\">\n\t\t\t\t\t\t<div class=\"elementor-container elementor-column-gap-default\">\n\t\t\t\t\t<div class=\"elementor-column elementor-col-50 elementor-inner-column elementor-element elementor-element-f3cedf9\" data-id=\"f3cedf9\" data-element_type=\"column\" data-e-type=\"column\">\n\t\t\t<div class=\"elementor-widget-wrap elementor-element-populated\">\n\t\t\t\t\t\t<div class=\"elementor-element elementor-element-4d8ffbe elementor-widget elementor-widget-image\" data-id=\"4d8ffbe\" data-element_type=\"widget\" data-e-type=\"widget\" data-widget_type=\"image.default\">\n\t\t\t\t<div class=\"elementor-widget-container\">\n\t\t\t\t\t\t\t\t\t\t\t\t\t\t\t<img fetchpriority=\"high\" decoding=\"async\" width=\"300\" height=\"240\" src=\"https:\/\/ubud-vincennes.fr\/wp-content\/uploads\/2022\/05\/Photo-Bouche-Crevette-300x240.jpg\" class=\"attachment-medium size-medium wp-image-42\" alt=\"\" srcset=\"https:\/\/ubud-vincennes.fr\/wp-content\/uploads\/2022\/05\/Photo-Bouche-Crevette-300x240.jpg 300w, https:\/\/ubud-vincennes.fr\/wp-content\/uploads\/2022\/05\/Photo-Bouche-Crevette.jpg 550w\" sizes=\"(max-width: 300px) 100vw, 300px\" \/>\t\t\t\t\t\t\t\t\t\t\t\t\t\t\t<\/div>\n\t\t\t\t<\/div>\n\t\t\t\t<div class=\"elementor-element elementor-element-f7547b5 elementor-widget elementor-widget-heading\" data-id=\"f7547b5\" data-element_type=\"widget\" data-e-type=\"widget\" data-widget_type=\"heading.default\">\n\t\t\t\t<div class=\"elementor-widget-container\">\n\t\t\t\t\t<h5 class=\"elementor-heading-title elementor-size-default\">Bouch\u00e9es de crevettes<\/h5>\t\t\t\t<\/div>\n\t\t\t\t<\/div>\n\t\t\t\t\t<\/div>\n\t\t<\/div>\n\t\t\t\t<div class=\"elementor-column elementor-col-50 elementor-inner-column elementor-element elementor-element-e6c4b3c\" data-id=\"e6c4b3c\" data-element_type=\"column\" data-e-type=\"column\">\n\t\t\t<div class=\"elementor-widget-wrap elementor-element-populated\">\n\t\t\t\t\t\t<div class=\"elementor-element elementor-element-a5b3393 elementor-widget elementor-widget-image\" data-id=\"a5b3393\" data-element_type=\"widget\" data-e-type=\"widget\" data-widget_type=\"image.default\">\n\t\t\t\t<div class=\"elementor-widget-container\">\n\t\t\t\t\t\t\t\t\t\t\t\t\t\t\t<img decoding=\"async\" width=\"300\" height=\"240\" src=\"https:\/\/ubud-vincennes.fr\/wp-content\/uploads\/2022\/05\/Photo-Macaron-300x240.jpg\" class=\"attachment-medium size-medium wp-image-46\" alt=\"\" srcset=\"https:\/\/ubud-vincennes.fr\/wp-content\/uploads\/2022\/05\/Photo-Macaron-300x240.jpg 300w, https:\/\/ubud-vincennes.fr\/wp-content\/uploads\/2022\/05\/Photo-Macaron.jpg 550w\" sizes=\"(max-width: 300px) 100vw, 300px\" \/>\t\t\t\t\t\t\t\t\t\t\t\t\t\t\t<\/div>\n\t\t\t\t<\/div>\n\t\t\t\t<div class=\"elementor-element elementor-element-706d03c elementor-widget elementor-widget-heading\" data-id=\"706d03c\" data-element_type=\"widget\" data-e-type=\"widget\" data-widget_type=\"heading.default\">\n\t\t\t\t<div class=\"elementor-widget-container\">\n\t\t\t\t\t<h5 class=\"elementor-heading-title elementor-size-default\">macarons aux \u00e9pices<\/h5>\t\t\t\t<\/div>\n\t\t\t\t<\/div>\n\t\t\t\t\t<\/div>\n\t\t<\/div>\n\t\t\t\t\t<\/div>\n\t\t<\/section>\n\t\t\t\t<div class=\"elementor-element elementor-element-c57e98f elementor-widget elementor-widget-image\" data-id=\"c57e98f\" data-element_type=\"widget\" data-e-type=\"widget\" data-widget_type=\"image.default\">\n\t\t\t\t<div class=\"elementor-widget-container\">\n\t\t\t\t\t\t\t\t\t\t\t\t\t\t\t<img decoding=\"async\" width=\"550\" height=\"440\" src=\"https:\/\/ubud-vincennes.fr\/wp-content\/uploads\/2022\/05\/Photo-Mie-goren-crev.jpg\" class=\"attachment-large size-large wp-image-47\" alt=\"\" srcset=\"https:\/\/ubud-vincennes.fr\/wp-content\/uploads\/2022\/05\/Photo-Mie-goren-crev.jpg 550w, https:\/\/ubud-vincennes.fr\/wp-content\/uploads\/2022\/05\/Photo-Mie-goren-crev-300x240.jpg 300w\" sizes=\"(max-width: 550px) 100vw, 550px\" \/>\t\t\t\t\t\t\t\t\t\t\t\t\t\t\t<\/div>\n\t\t\t\t<\/div>\n\t\t\t\t<div class=\"elementor-element elementor-element-421977d elementor-widget elementor-widget-heading\" data-id=\"421977d\" data-element_type=\"widget\" data-e-type=\"widget\" data-widget_type=\"heading.default\">\n\t\t\t\t<div class=\"elementor-widget-container\">\n\t\t\t\t\t<h5 class=\"elementor-heading-title elementor-size-default\">Mie goreng<\/h5>\t\t\t\t<\/div>\n\t\t\t\t<\/div>\n\t\t\t\t<section class=\"elementor-section elementor-inner-section elementor-element elementor-element-1047be7 elementor-section-boxed elementor-section-height-default elementor-section-height-default\" data-id=\"1047be7\" data-element_type=\"section\" data-e-type=\"section\">\n\t\t\t\t\t\t<div class=\"elementor-container elementor-column-gap-default\">\n\t\t\t\t\t<div class=\"elementor-column elementor-col-50 elementor-inner-column elementor-element elementor-element-2f0b479\" data-id=\"2f0b479\" data-element_type=\"column\" data-e-type=\"column\">\n\t\t\t<div class=\"elementor-widget-wrap elementor-element-populated\">\n\t\t\t\t\t\t<div class=\"elementor-element elementor-element-34cafad elementor-widget elementor-widget-image\" data-id=\"34cafad\" data-element_type=\"widget\" data-e-type=\"widget\" data-widget_type=\"image.default\">\n\t\t\t\t<div class=\"elementor-widget-container\">\n\t\t\t\t\t\t\t\t\t\t\t\t\t\t\t<img loading=\"lazy\" decoding=\"async\" width=\"955\" height=\"1024\" src=\"https:\/\/ubud-vincennes.fr\/wp-content\/uploads\/2022\/05\/cochon-croustillant-955x1024.jpg\" class=\"attachment-large size-large wp-image-40\" alt=\"\" srcset=\"https:\/\/ubud-vincennes.fr\/wp-content\/uploads\/2022\/05\/cochon-croustillant-955x1024.jpg 955w, https:\/\/ubud-vincennes.fr\/wp-content\/uploads\/2022\/05\/cochon-croustillant-280x300.jpg 280w, https:\/\/ubud-vincennes.fr\/wp-content\/uploads\/2022\/05\/cochon-croustillant-768x824.jpg 768w, https:\/\/ubud-vincennes.fr\/wp-content\/uploads\/2022\/05\/cochon-croustillant-1432x1536.jpg 1432w, https:\/\/ubud-vincennes.fr\/wp-content\/uploads\/2022\/05\/cochon-croustillant.jpg 1796w\" sizes=\"(max-width: 955px) 100vw, 955px\" \/>\t\t\t\t\t\t\t\t\t\t\t\t\t\t\t<\/div>\n\t\t\t\t<\/div>\n\t\t\t\t<div class=\"elementor-element elementor-element-f0f5ad7 elementor-widget elementor-widget-heading\" data-id=\"f0f5ad7\" data-element_type=\"widget\" data-e-type=\"widget\" data-widget_type=\"heading.default\">\n\t\t\t\t<div class=\"elementor-widget-container\">\n\t\t\t\t\t<h5 class=\"elementor-heading-title elementor-size-default\">cochon croustillant<\/h5>\t\t\t\t<\/div>\n\t\t\t\t<\/div>\n\t\t\t\t\t<\/div>\n\t\t<\/div>\n\t\t\t\t<div class=\"elementor-column elementor-col-50 elementor-inner-column elementor-element elementor-element-aeb5a72\" data-id=\"aeb5a72\" data-element_type=\"column\" data-e-type=\"column\">\n\t\t\t<div class=\"elementor-widget-wrap elementor-element-populated\">\n\t\t\t\t\t\t<div class=\"elementor-element elementor-element-aa38f3a elementor-widget elementor-widget-image\" data-id=\"aa38f3a\" data-element_type=\"widget\" data-e-type=\"widget\" data-widget_type=\"image.default\">\n\t\t\t\t<div class=\"elementor-widget-container\">\n\t\t\t\t\t\t\t\t\t\t\t\t\t\t\t<img loading=\"lazy\" decoding=\"async\" width=\"550\" height=\"440\" src=\"https:\/\/ubud-vincennes.fr\/wp-content\/uploads\/2022\/05\/Photo-Gado-gado.jpg\" class=\"attachment-large size-large wp-image-45\" alt=\"\" srcset=\"https:\/\/ubud-vincennes.fr\/wp-content\/uploads\/2022\/05\/Photo-Gado-gado.jpg 550w, https:\/\/ubud-vincennes.fr\/wp-content\/uploads\/2022\/05\/Photo-Gado-gado-300x240.jpg 300w\" sizes=\"(max-width: 550px) 100vw, 550px\" \/>\t\t\t\t\t\t\t\t\t\t\t\t\t\t\t<\/div>\n\t\t\t\t<\/div>\n\t\t\t\t<div class=\"elementor-element elementor-element-14a5566 elementor-widget elementor-widget-heading\" data-id=\"14a5566\" data-element_type=\"widget\" data-e-type=\"widget\" data-widget_type=\"heading.default\">\n\t\t\t\t<div class=\"elementor-widget-container\">\n\t\t\t\t\t<h5 class=\"elementor-heading-title elementor-size-default\">gado gado<\/h5>\t\t\t\t<\/div>\n\t\t\t\t<\/div>\n\t\t\t\t\t<\/div>\n\t\t<\/div>\n\t\t\t\t\t<\/div>\n\t\t<\/section>\n\t\t\t\t\t<\/div>\n\t\t<\/div>\n\t\t\t\t\t<\/div>\n\t\t<\/section>\n\t\t\t\t<section class=\"elementor-section elementor-top-section elementor-element elementor-element-0338d14 elementor-section-boxed elementor-section-height-default elementor-section-height-default\" data-id=\"0338d14\" data-element_type=\"section\" data-e-type=\"section\">\n\t\t\t\t\t\t<div class=\"elementor-container elementor-column-gap-default\">\n\t\t\t\t\t<div class=\"elementor-column elementor-col-100 elementor-top-column elementor-element elementor-element-b6bb5c0\" data-id=\"b6bb5c0\" data-element_type=\"column\" data-e-type=\"column\">\n\t\t\t<div class=\"elementor-widget-wrap elementor-element-populated\">\n\t\t\t\t\t\t<div class=\"elementor-element elementor-element-1875955 elementor-widget elementor-widget-image\" data-id=\"1875955\" data-element_type=\"widget\" data-e-type=\"widget\" data-widget_type=\"image.default\">\n\t\t\t\t<div class=\"elementor-widget-container\">\n\t\t\t\t\t\t\t\t\t\t\t\t\t\t\t<img loading=\"lazy\" decoding=\"async\" width=\"550\" height=\"440\" src=\"https:\/\/ubud-vincennes.fr\/wp-content\/uploads\/2022\/05\/Photo-Pad-thai.jpg\" class=\"attachment-large size-large wp-image-48\" alt=\"\" srcset=\"https:\/\/ubud-vincennes.fr\/wp-content\/uploads\/2022\/05\/Photo-Pad-thai.jpg 550w, https:\/\/ubud-vincennes.fr\/wp-content\/uploads\/2022\/05\/Photo-Pad-thai-300x240.jpg 300w\" sizes=\"(max-width: 550px) 100vw, 550px\" \/>\t\t\t\t\t\t\t\t\t\t\t\t\t\t\t<\/div>\n\t\t\t\t<\/div>\n\t\t\t\t<div class=\"elementor-element elementor-element-d146d16 elementor-widget elementor-widget-heading\" data-id=\"d146d16\" data-element_type=\"widget\" data-e-type=\"widget\" data-widget_type=\"heading.default\">\n\t\t\t\t<div class=\"elementor-widget-container\">\n\t\t\t\t\t<h5 class=\"elementor-heading-title elementor-size-default\">pad tha\u00ef<\/h5>\t\t\t\t<\/div>\n\t\t\t\t<\/div>\n\t\t\t\t<section class=\"elementor-section elementor-inner-section elementor-element elementor-element-0dc369d elementor-section-boxed elementor-section-height-default elementor-section-height-default\" data-id=\"0dc369d\" data-element_type=\"section\" data-e-type=\"section\">\n\t\t\t\t\t\t<div class=\"elementor-container elementor-column-gap-default\">\n\t\t\t\t\t<div class=\"elementor-column elementor-col-50 elementor-inner-column elementor-element elementor-element-d44f50b\" data-id=\"d44f50b\" data-element_type=\"column\" data-e-type=\"column\">\n\t\t\t<div class=\"elementor-widget-wrap elementor-element-populated\">\n\t\t\t\t\t\t<div class=\"elementor-element elementor-element-a0662f8 elementor-widget elementor-widget-image\" data-id=\"a0662f8\" data-element_type=\"widget\" data-e-type=\"widget\" data-widget_type=\"image.default\">\n\t\t\t\t<div class=\"elementor-widget-container\">\n\t\t\t\t\t\t\t\t\t\t\t\t\t\t\t<img loading=\"lazy\" decoding=\"async\" width=\"550\" height=\"440\" src=\"https:\/\/ubud-vincennes.fr\/wp-content\/uploads\/2022\/05\/Photo-Poulet-curry-vert.jpg\" class=\"attachment-large size-large wp-image-49\" alt=\"\" srcset=\"https:\/\/ubud-vincennes.fr\/wp-content\/uploads\/2022\/05\/Photo-Poulet-curry-vert.jpg 550w, https:\/\/ubud-vincennes.fr\/wp-content\/uploads\/2022\/05\/Photo-Poulet-curry-vert-300x240.jpg 300w\" sizes=\"(max-width: 550px) 100vw, 550px\" \/>\t\t\t\t\t\t\t\t\t\t\t\t\t\t\t<\/div>\n\t\t\t\t<\/div>\n\t\t\t\t<div class=\"elementor-element elementor-element-54c8156 elementor-widget elementor-widget-heading\" data-id=\"54c8156\" data-element_type=\"widget\" data-e-type=\"widget\" data-widget_type=\"heading.default\">\n\t\t\t\t<div class=\"elementor-widget-container\">\n\t\t\t\t\t<h5 class=\"elementor-heading-title elementor-size-default\">poulet au curry vert<\/h5>\t\t\t\t<\/div>\n\t\t\t\t<\/div>\n\t\t\t\t\t<\/div>\n\t\t<\/div>\n\t\t\t\t<div class=\"elementor-column elementor-col-50 elementor-inner-column elementor-element elementor-element-fb7b9ef\" data-id=\"fb7b9ef\" data-element_type=\"column\" data-e-type=\"column\">\n\t\t\t<div class=\"elementor-widget-wrap elementor-element-populated\">\n\t\t\t\t\t\t<div class=\"elementor-element elementor-element-5b0001f elementor-widget elementor-widget-image\" data-id=\"5b0001f\" data-element_type=\"widget\" data-e-type=\"widget\" data-widget_type=\"image.default\">\n\t\t\t\t<div class=\"elementor-widget-container\">\n\t\t\t\t\t\t\t\t\t\t\t\t\t\t\t<img loading=\"lazy\" decoding=\"async\" width=\"964\" height=\"1024\" src=\"https:\/\/ubud-vincennes.fr\/wp-content\/uploads\/2022\/05\/pepe-ikan-bis-964x1024.jpeg\" class=\"attachment-large size-large wp-image-41\" alt=\"\" srcset=\"https:\/\/ubud-vincennes.fr\/wp-content\/uploads\/2022\/05\/pepe-ikan-bis-964x1024.jpeg 964w, https:\/\/ubud-vincennes.fr\/wp-content\/uploads\/2022\/05\/pepe-ikan-bis-283x300.jpeg 283w, https:\/\/ubud-vincennes.fr\/wp-content\/uploads\/2022\/05\/pepe-ikan-bis-768x815.jpeg 768w, https:\/\/ubud-vincennes.fr\/wp-content\/uploads\/2022\/05\/pepe-ikan-bis-1447x1536.jpeg 1447w, https:\/\/ubud-vincennes.fr\/wp-content\/uploads\/2022\/05\/pepe-ikan-bis-1929x2048.jpeg 1929w\" sizes=\"(max-width: 964px) 100vw, 964px\" \/>\t\t\t\t\t\t\t\t\t\t\t\t\t\t\t<\/div>\n\t\t\t\t<\/div>\n\t\t\t\t<div class=\"elementor-element elementor-element-0df40e3 elementor-widget elementor-widget-heading\" data-id=\"0df40e3\" data-element_type=\"widget\" data-e-type=\"widget\" data-widget_type=\"heading.default\">\n\t\t\t\t<div class=\"elementor-widget-container\">\n\t\t\t\t\t<h5 class=\"elementor-heading-title elementor-size-default\">pepes ikan<\/h5>\t\t\t\t<\/div>\n\t\t\t\t<\/div>\n\t\t\t\t\t<\/div>\n\t\t<\/div>\n\t\t\t\t\t<\/div>\n\t\t<\/section>\n\t\t\t\t<div class=\"elementor-element elementor-element-1d519c8 elementor-widget elementor-widget-image\" data-id=\"1d519c8\" data-element_type=\"widget\" data-e-type=\"widget\" data-widget_type=\"image.default\">\n\t\t\t\t<div class=\"elementor-widget-container\">\n\t\t\t\t\t\t\t\t\t\t\t\t\t\t\t<img loading=\"lazy\" decoding=\"async\" width=\"550\" height=\"440\" src=\"https:\/\/ubud-vincennes.fr\/wp-content\/uploads\/2022\/05\/Photo-Bobun-poulet.jpg\" class=\"attachment-large size-large wp-image-37\" alt=\"\" srcset=\"https:\/\/ubud-vincennes.fr\/wp-content\/uploads\/2022\/05\/Photo-Bobun-poulet.jpg 550w, https:\/\/ubud-vincennes.fr\/wp-content\/uploads\/2022\/05\/Photo-Bobun-poulet-300x240.jpg 300w\" sizes=\"(max-width: 550px) 100vw, 550px\" \/>\t\t\t\t\t\t\t\t\t\t\t\t\t\t\t<\/div>\n\t\t\t\t<\/div>\n\t\t\t\t<div class=\"elementor-element elementor-element-1dd54b9 elementor-widget elementor-widget-heading\" data-id=\"1dd54b9\" data-element_type=\"widget\" data-e-type=\"widget\" data-widget_type=\"heading.default\">\n\t\t\t\t<div class=\"elementor-widget-container\">\n\t\t\t\t\t<h5 class=\"elementor-heading-title elementor-size-default\">bobun<\/h5>\t\t\t\t<\/div>\n\t\t\t\t<\/div>\n\t\t\t\t<section class=\"elementor-section elementor-inner-section elementor-element elementor-element-a14a6de elementor-section-boxed elementor-section-height-default elementor-section-height-default\" data-id=\"a14a6de\" data-element_type=\"section\" data-e-type=\"section\">\n\t\t\t\t\t\t<div class=\"elementor-container elementor-column-gap-default\">\n\t\t\t\t\t<div class=\"elementor-column elementor-col-50 elementor-inner-column elementor-element elementor-element-7269251\" data-id=\"7269251\" data-element_type=\"column\" data-e-type=\"column\">\n\t\t\t<div class=\"elementor-widget-wrap elementor-element-populated\">\n\t\t\t\t\t\t<div class=\"elementor-element elementor-element-44f7f01 elementor-widget elementor-widget-image\" data-id=\"44f7f01\" data-element_type=\"widget\" data-e-type=\"widget\" data-widget_type=\"image.default\">\n\t\t\t\t<div class=\"elementor-widget-container\">\n\t\t\t\t\t\t\t\t\t\t\t\t\t\t\t<img loading=\"lazy\" decoding=\"async\" width=\"550\" height=\"440\" src=\"https:\/\/ubud-vincennes.fr\/wp-content\/uploads\/2022\/05\/Photo-Brochette.jpg\" class=\"attachment-large size-large wp-image-43\" alt=\"\" srcset=\"https:\/\/ubud-vincennes.fr\/wp-content\/uploads\/2022\/05\/Photo-Brochette.jpg 550w, https:\/\/ubud-vincennes.fr\/wp-content\/uploads\/2022\/05\/Photo-Brochette-300x240.jpg 300w\" sizes=\"(max-width: 550px) 100vw, 550px\" \/>\t\t\t\t\t\t\t\t\t\t\t\t\t\t\t<\/div>\n\t\t\t\t<\/div>\n\t\t\t\t<div class=\"elementor-element elementor-element-23c6b77 elementor-widget elementor-widget-heading\" data-id=\"23c6b77\" data-element_type=\"widget\" data-e-type=\"widget\" data-widget_type=\"heading.default\">\n\t\t\t\t<div class=\"elementor-widget-container\">\n\t\t\t\t\t<h5 class=\"elementor-heading-title elementor-size-default\">satay brochettes<\/h5>\t\t\t\t<\/div>\n\t\t\t\t<\/div>\n\t\t\t\t\t<\/div>\n\t\t<\/div>\n\t\t\t\t<div class=\"elementor-column elementor-col-50 elementor-inner-column elementor-element elementor-element-e9ad75d\" data-id=\"e9ad75d\" data-element_type=\"column\" data-e-type=\"column\">\n\t\t\t<div class=\"elementor-widget-wrap elementor-element-populated\">\n\t\t\t\t\t\t<div class=\"elementor-element elementor-element-8d6eb17 elementor-widget elementor-widget-image\" data-id=\"8d6eb17\" data-element_type=\"widget\" data-e-type=\"widget\" data-widget_type=\"image.default\">\n\t\t\t\t<div class=\"elementor-widget-container\">\n\t\t\t\t\t\t\t\t\t\t\t\t\t\t\t<img loading=\"lazy\" decoding=\"async\" width=\"977\" height=\"1024\" src=\"https:\/\/ubud-vincennes.fr\/wp-content\/uploads\/2022\/05\/boeuf-rendang-977x1024.jpg\" class=\"attachment-large size-large wp-image-38\" alt=\"\" srcset=\"https:\/\/ubud-vincennes.fr\/wp-content\/uploads\/2022\/05\/boeuf-rendang-977x1024.jpg 977w, https:\/\/ubud-vincennes.fr\/wp-content\/uploads\/2022\/05\/boeuf-rendang-286x300.jpg 286w, https:\/\/ubud-vincennes.fr\/wp-content\/uploads\/2022\/05\/boeuf-rendang-768x805.jpg 768w, https:\/\/ubud-vincennes.fr\/wp-content\/uploads\/2022\/05\/boeuf-rendang-1466x1536.jpg 1466w, https:\/\/ubud-vincennes.fr\/wp-content\/uploads\/2022\/05\/boeuf-rendang.jpg 1512w\" sizes=\"(max-width: 977px) 100vw, 977px\" \/>\t\t\t\t\t\t\t\t\t\t\t\t\t\t\t<\/div>\n\t\t\t\t<\/div>\n\t\t\t\t<div class=\"elementor-element elementor-element-188835a elementor-widget elementor-widget-heading\" data-id=\"188835a\" data-element_type=\"widget\" data-e-type=\"widget\" data-widget_type=\"heading.default\">\n\t\t\t\t<div class=\"elementor-widget-container\">\n\t\t\t\t\t<h5 class=\"elementor-heading-title elementor-size-default\">boeuf rendang<\/h5>\t\t\t\t<\/div>\n\t\t\t\t<\/div>\n\t\t\t\t\t<\/div>\n\t\t<\/div>\n\t\t\t\t\t<\/div>\n\t\t<\/section>\n\t\t\t\t<div class=\"elementor-element elementor-element-b17d288 elementor-widget elementor-widget-image\" data-id=\"b17d288\" data-element_type=\"widget\" data-e-type=\"widget\" data-widget_type=\"image.default\">\n\t\t\t\t<div class=\"elementor-widget-container\">\n\t\t\t\t\t\t\t\t\t\t\t\t\t\t\t<img loading=\"lazy\" decoding=\"async\" width=\"1024\" height=\"937\" src=\"https:\/\/ubud-vincennes.fr\/wp-content\/uploads\/2022\/05\/pancake-au-banane-1024x937.jpeg\" class=\"attachment-large size-large wp-image-39\" alt=\"\" srcset=\"https:\/\/ubud-vincennes.fr\/wp-content\/uploads\/2022\/05\/pancake-au-banane-1024x937.jpeg 1024w, https:\/\/ubud-vincennes.fr\/wp-content\/uploads\/2022\/05\/pancake-au-banane-300x275.jpeg 300w, https:\/\/ubud-vincennes.fr\/wp-content\/uploads\/2022\/05\/pancake-au-banane-768x703.jpeg 768w, https:\/\/ubud-vincennes.fr\/wp-content\/uploads\/2022\/05\/pancake-au-banane-1536x1406.jpeg 1536w, https:\/\/ubud-vincennes.fr\/wp-content\/uploads\/2022\/05\/pancake-au-banane-2048x1875.jpeg 2048w\" sizes=\"(max-width: 1024px) 100vw, 1024px\" \/>\t\t\t\t\t\t\t\t\t\t\t\t\t\t\t<\/div>\n\t\t\t\t<\/div>\n\t\t\t\t<div class=\"elementor-element elementor-element-a587c5e elementor-widget elementor-widget-heading\" data-id=\"a587c5e\" data-element_type=\"widget\" data-e-type=\"widget\" data-widget_type=\"heading.default\">\n\t\t\t\t<div class=\"elementor-widget-container\">\n\t\t\t\t\t<h5 class=\"elementor-heading-title elementor-size-default\">pancake<\/h5>\t\t\t\t<\/div>\n\t\t\t\t<\/div>\n\t\t\t\t<section class=\"elementor-section elementor-inner-section elementor-element elementor-element-dcad273 elementor-section-boxed elementor-section-height-default elementor-section-height-default\" data-id=\"dcad273\" data-element_type=\"section\" data-e-type=\"section\">\n\t\t\t\t\t\t<div class=\"elementor-container elementor-column-gap-default\">\n\t\t\t\t\t<div class=\"elementor-column elementor-col-50 elementor-inner-column elementor-element elementor-element-7ae8780\" data-id=\"7ae8780\" data-element_type=\"column\" data-e-type=\"column\">\n\t\t\t<div class=\"elementor-widget-wrap elementor-element-populated\">\n\t\t\t\t\t\t<div class=\"elementor-element elementor-element-0bf758d elementor-widget elementor-widget-image\" data-id=\"0bf758d\" data-element_type=\"widget\" data-e-type=\"widget\" data-widget_type=\"image.default\">\n\t\t\t\t<div class=\"elementor-widget-container\">\n\t\t\t\t\t\t\t\t\t\t\t\t\t\t\t<img loading=\"lazy\" decoding=\"async\" width=\"550\" height=\"440\" src=\"https:\/\/ubud-vincennes.fr\/wp-content\/uploads\/2022\/05\/Photo-flan.jpg\" class=\"attachment-large size-large wp-image-44\" alt=\"\" srcset=\"https:\/\/ubud-vincennes.fr\/wp-content\/uploads\/2022\/05\/Photo-flan.jpg 550w, https:\/\/ubud-vincennes.fr\/wp-content\/uploads\/2022\/05\/Photo-flan-300x240.jpg 300w\" sizes=\"(max-width: 550px) 100vw, 550px\" \/>\t\t\t\t\t\t\t\t\t\t\t\t\t\t\t<\/div>\n\t\t\t\t<\/div>\n\t\t\t\t<div class=\"elementor-element elementor-element-0b60439 elementor-widget elementor-widget-heading\" data-id=\"0b60439\" data-element_type=\"widget\" data-e-type=\"widget\" data-widget_type=\"heading.default\">\n\t\t\t\t<div class=\"elementor-widget-container\">\n\t\t\t\t\t<h5 class=\"elementor-heading-title elementor-size-default\">flan tha\u00ef<\/h5>\t\t\t\t<\/div>\n\t\t\t\t<\/div>\n\t\t\t\t\t<\/div>\n\t\t<\/div>\n\t\t\t\t<div class=\"elementor-column elementor-col-50 elementor-inner-column elementor-element elementor-element-7adef5e\" data-id=\"7adef5e\" data-element_type=\"column\" data-e-type=\"column\">\n\t\t\t<div class=\"elementor-widget-wrap elementor-element-populated\">\n\t\t\t\t\t\t<div class=\"elementor-element elementor-element-ceb3993 elementor-widget elementor-widget-image\" data-id=\"ceb3993\" data-element_type=\"widget\" data-e-type=\"widget\" data-widget_type=\"image.default\">\n\t\t\t\t<div class=\"elementor-widget-container\">\n\t\t\t\t\t\t\t\t\t\t\t\t\t\t\t<img loading=\"lazy\" decoding=\"async\" width=\"550\" height=\"440\" src=\"https:\/\/ubud-vincennes.fr\/wp-content\/uploads\/2022\/05\/Photo-Salade-Papaye.jpg\" class=\"attachment-large size-large wp-image-50\" alt=\"\" srcset=\"https:\/\/ubud-vincennes.fr\/wp-content\/uploads\/2022\/05\/Photo-Salade-Papaye.jpg 550w, https:\/\/ubud-vincennes.fr\/wp-content\/uploads\/2022\/05\/Photo-Salade-Papaye-300x240.jpg 300w\" sizes=\"(max-width: 550px) 100vw, 550px\" \/>\t\t\t\t\t\t\t\t\t\t\t\t\t\t\t<\/div>\n\t\t\t\t<\/div>\n\t\t\t\t<div class=\"elementor-element elementor-element-797221c elementor-widget elementor-widget-heading\" data-id=\"797221c\" data-element_type=\"widget\" data-e-type=\"widget\" data-widget_type=\"heading.default\">\n\t\t\t\t<div class=\"elementor-widget-container\">\n\t\t\t\t\t<h5 class=\"elementor-heading-title elementor-size-default\">salade de papaye<\/h5>\t\t\t\t<\/div>\n\t\t\t\t<\/div>\n\t\t\t\t\t<\/div>\n\t\t<\/div>\n\t\t\t\t\t<\/div>\n\t\t<\/section>\n\t\t\t\t\t<\/div>\n\t\t<\/div>\n\t\t\t\t\t<\/div>\n\t\t<\/section>\n\t\t\t\t<\/div>\n\t\t","protected":false},"excerpt":{"rendered":"<p>Bouch\u00e9es de crevettes macarons aux \u00e9pices Mie goreng cochon croustillant gado gado pad tha\u00ef poulet au curry vert pepes ikan bobun satay brochettes boeuf rendang pancake flan tha\u00ef salade de papaye<\/p>\n","protected":false},"author":1,"featured_media":0,"parent":0,"menu_order":0,"comment_status":"closed","ping_status":"closed","template":"","meta":{"footnotes":""},"class_list":["post-57","page","type-page","status-publish","hentry"],"_links":{"self":[{"href":"https:\/\/ubud-vincennes.fr\/index.php\/wp-json\/wp\/v2\/pages\/57","targetHints":{"allow":["GET"]}}],"collection":[{"href":"https:\/\/ubud-vincennes.fr\/index.php\/wp-json\/wp\/v2\/pages"}],"about":[{"href":"https:\/\/ubud-vincennes.fr\/index.php\/wp-json\/wp\/v2\/types\/page"}],"author":[{"embeddable":true,"href":"https:\/\/ubud-vincennes.fr\/index.php\/wp-json\/wp\/v2\/users\/1"}],"replies":[{"embeddable":true,"href":"https:\/\/ubud-vincennes.fr\/index.php\/wp-json\/wp\/v2\/comments?post=57"}],"version-history":[{"count":17,"href":"https:\/\/ubud-vincennes.fr\/index.php\/wp-json\/wp\/v2\/pages\/57\/revisions"}],"predecessor-version":[{"id":145,"href":"https:\/\/ubud-vincennes.fr\/index.php\/wp-json\/wp\/v2\/pages\/57\/revisions\/145"}],"wp:attachment":[{"href":"https:\/\/ubud-vincennes.fr\/index.php\/wp-json\/wp\/v2\/media?parent=57"}],"curies":[{"name":"wp","href":"https:\/\/api.w.org\/{rel}","templated":true}]}}